{"id":58,"date":"2013-12-10T12:23:57","date_gmt":"2013-12-10T12:23:57","guid":{"rendered":"http:\/\/eecadvocaciadeapoio.com.br\/advocacia\/?page_id=58"},"modified":"2019-03-14T16:04:48","modified_gmt":"2019-03-14T16:04:48","slug":"ec-advocacia-de-partido","status":"publish","type":"page","link":"https:\/\/geysacamara.com.br\/advocacia\/ec-advocacia-de-partido\/","title":{"rendered":"Advocacia de Partido"},"content":{"rendered":"<h2>Servi\u00e7os Jur\u00eddicos para empresas<\/h2>\n<hr \/>\n<p>Saiba mais sobre o servi\u00e7o de advocacia de partido, \u00a0disponibilizado por nosso escrit\u00f3rio exclusivamente para empresas de todos os portes:<\/p>\n<p style=\"text-align: justify;\"><div class=\"su-note\"  style=\"border-color:#dddddd;border-radius:3px;-moz-border-radius:3px;-webkit-border-radius:3px;\"><div class=\"su-note-inner su-u-clearfix su-u-trim\" style=\"background-color:#f7f7f7;border-color:#ffffff;color:#333333;border-radius:3px;-moz-border-radius:3px;-webkit-border-radius:3px;\">\n<p style=\"text-align: justify;\">O <a title=\"Contatos\" href=\"https:\/\/geysacamara.com.br\/advocacia\/index.php\/entre-em-contato\/\"><strong>Escrit\u00f3rio Geysa Camara\u00a0<\/strong><\/a>destaca-se pelo acompanhamento personalizado a seus clientes.<\/p>\n<p><img loading=\"lazy\" decoding=\"async\" class=\"alignleft wp-image-422 size-medium\" src=\"https:\/\/geysacamara.com.br\/advocacia\/wp-content\/uploads\/2013\/12\/correspondente-juridico1-300x199.jpg\" alt=\"\" width=\"300\" height=\"199\" srcset=\"https:\/\/geysacamara.com.br\/advocacia\/wp-content\/uploads\/2013\/12\/correspondente-juridico1-300x199.jpg 300w, https:\/\/geysacamara.com.br\/advocacia\/wp-content\/uploads\/2013\/12\/correspondente-juridico1.jpg 425w\" sizes=\"auto, (max-width: 300px) 100vw, 300px\" \/><\/p>\n<p style=\"text-align: justify;\">A Advocacia de Partido, tem se revelado cada dia mais, uma alternativa para as medias, pequenas e microempresas, \u00e9 atrav\u00e9s dela que oferecemos assessoria jur\u00eddica de forma preventiva\/consultiva e judicial, em tempo integral.<br \/>\nA caracter\u00edstica diferenciada da advocacia de partido consiste na disponibiliza\u00e7\u00e3o de assessoria preventiva e constante, e sua contrapresta\u00e7\u00e3o \u00e9 fixa, o que n\u00e3o onera o empres\u00e1rio e o tranquiliza, pois sempre que precisar poder\u00e1 contar com um profissional de qualidade a sua disposi\u00e7\u00e3o, em todas as \u00e1reas que necessitem de suporte e atua\u00e7\u00e3o jur\u00eddica.<br \/>\nOs servi\u00e7os envolvem a propositura de a\u00e7\u00f5es e defesas, defesa do consumidor, medidas junto ao fisco, consultoria, orienta\u00e7\u00e3o sobre admiss\u00e3o e demiss\u00e3o de funcion\u00e1rios, contratos com fornecedores e acompanhamento em negocia\u00e7\u00f5es.<\/p>\n<\/div><\/div>\n<hr \/>\n<p><strong>Advocacia de Partido &#8211; Uma alternativa inteligente e eficiente para a sua empresa!<\/strong><\/p>\n<hr \/>\n<p>Contate-nos e saiba mais: <a title=\"advocacia@geysacamara.com.br\" href=\"mailto:advocacia@geysacamara.com.br\">advocacia@geysacamara.com.br<\/a><\/p>\n<p><!--more--><\/p>\n<hr \/>\n<p style=\"text-align: justify;\"><a title=\"https:\/\/geysacamara.com.br\/advocacia\" href=\"https:\/\/geysacamara.com.br\/advocacia\" target=\"_blank\" rel=\"noopener noreferrer\"><strong>Geysa Camara Advocacia<\/strong><\/a> disponibiliza servi\u00e7os diferenciados, desenhados para atender tanto a clientes finais quanto a outros escrit\u00f3rios de advocacia, atrav\u00e9s de correspond\u00eancia jur\u00eddica e servi\u00e7os de apoio, agregando solu\u00e7\u00f5es com agilidade e efic\u00e1cia em todas as inst\u00e2ncias, nas comarcas de Petr\u00f3polis e Rio de Janeiro (Capital) bem como nas demais cidades serranas e de interior do RJ, com servi\u00e7os jur\u00eddicos aut\u00f4nomos, abrangentes e de alta qualidade, incluindo\u00a0servi\u00e7os de\u00a0<a title=\"http:\/\/advocaciadepartido.com.br\" href=\"http:\/\/advocaciadepartido.com.br\" target=\"_blank\" rel=\"noopener noreferrer\">correspondente jur\u00eddico<\/a>. com <a title=\"Contatos\" href=\"https:\/\/geysacamara.com.br\/advocacia\/index.php\/entre-em-contato\/\" target=\"_blank\" rel=\"noopener noreferrer\">advogados em Petr\u00f3polis<\/a> e <a title=\"Contatos\" href=\"https:\/\/geysacamara.com.br\/advocacia\/index.php\/entre-em-contato\/\" target=\"_blank\" rel=\"noopener noreferrer\">advogados no Rio de Janeiro<\/a>.<\/p>\n<hr \/>\n","protected":false},"excerpt":{"rendered":"<p>Servi\u00e7os exclusivos para atender empresas.<\/p>\n","protected":false},"author":1,"featured_media":831,"parent":0,"menu_order":3,"comment_status":"closed","ping_status":"closed","template":"","meta":{"footnotes":"","_links_to":"","_links_to_target":""},"class_list":["post-58","page","type-page","status-publish","has-post-thumbnail","hentry"],"yoast_head":"<!-- This site is optimized with the Yoast SEO plugin v26.7 - https:\/\/yoast.com\/wordpress\/plugins\/seo\/ -->\n<title>Advocacia de Partido em Petr\u00f3polis Advogada Geysa Camara<\/title>\n<meta name=\"description\" content=\"Advocacia de Partido para empresas de Petr\u00f3polis e Rio de Janeiro \u00e9 uma das atua\u00e7\u00f5es da advogada Advogada Geysa Camara.\" \/>\n<meta name=\"robots\" content=\"index, follow, max-snippet:-1, max-image-preview:large, max-video-preview:-1\" \/>\n<link rel=\"canonical\" href=\"https:\/\/geysacamara.com.br\/advocacia\/ec-advocacia-de-partido\/\" \/>\n<meta property=\"og:locale\" content=\"en_US\" \/>\n<meta property=\"og:type\" content=\"article\" \/>\n<meta property=\"og:title\" content=\"Advocacia de Partido em Petr\u00f3polis Advogada Geysa Camara\" \/>\n<meta property=\"og:description\" content=\"Advocacia de Partido para empresas de Petr\u00f3polis e Rio de Janeiro \u00e9 uma das atua\u00e7\u00f5es da advogada Advogada Geysa Camara.\" \/>\n<meta property=\"og:url\" content=\"https:\/\/geysacamara.com.br\/advocacia\/ec-advocacia-de-partido\/\" \/>\n<meta property=\"og:site_name\" content=\"GEYSA CAMARA\" \/>\n<meta property=\"article:publisher\" content=\"https:\/\/www.facebook.com\/geysacamaraadvogada\" \/>\n<meta property=\"article:modified_time\" content=\"2019-03-14T16:04:48+00:00\" \/>\n<meta property=\"og:image\" content=\"https:\/\/geysacamara.com.br\/advocacia\/wp-content\/uploads\/2019\/03\/direito.jpg\" \/>\n\t<meta property=\"og:image:width\" content=\"1600\" \/>\n\t<meta property=\"og:image:height\" content=\"625\" \/>\n\t<meta property=\"og:image:type\" content=\"image\/jpeg\" \/>\n<meta name=\"twitter:card\" content=\"summary_large_image\" \/>\n<meta name=\"twitter:site\" content=\"@advocaciacamara\" \/>\n<meta name=\"twitter:label1\" content=\"Est. reading time\" \/>\n\t<meta name=\"twitter:data1\" content=\"2 minutes\" \/>\n<script type=\"application\/ld+json\" class=\"yoast-schema-graph\">{\"@context\":\"https:\/\/schema.org\",\"@graph\":[{\"@type\":\"WebPage\",\"@id\":\"https:\/\/geysacamara.com.br\/advocacia\/ec-advocacia-de-partido\/\",\"url\":\"https:\/\/geysacamara.com.br\/advocacia\/ec-advocacia-de-partido\/\",\"name\":\"Advocacia de Partido em Petr\u00f3polis Advogada Geysa Camara\",\"isPartOf\":{\"@id\":\"https:\/\/geysacamara.com.br\/advocacia\/#website\"},\"primaryImageOfPage\":{\"@id\":\"https:\/\/geysacamara.com.br\/advocacia\/ec-advocacia-de-partido\/#primaryimage\"},\"image\":{\"@id\":\"https:\/\/geysacamara.com.br\/advocacia\/ec-advocacia-de-partido\/#primaryimage\"},\"thumbnailUrl\":\"https:\/\/geysacamara.com.br\/advocacia\/wp-content\/uploads\/2019\/03\/direito.jpg\",\"datePublished\":\"2013-12-10T12:23:57+00:00\",\"dateModified\":\"2019-03-14T16:04:48+00:00\",\"description\":\"Advocacia de Partido para empresas de Petr\u00f3polis e Rio de Janeiro \u00e9 uma das atua\u00e7\u00f5es da advogada Advogada Geysa Camara.\",\"inLanguage\":\"en-US\",\"potentialAction\":[{\"@type\":\"ReadAction\",\"target\":[\"https:\/\/geysacamara.com.br\/advocacia\/ec-advocacia-de-partido\/\"]}]},{\"@type\":\"ImageObject\",\"inLanguage\":\"en-US\",\"@id\":\"https:\/\/geysacamara.com.br\/advocacia\/ec-advocacia-de-partido\/#primaryimage\",\"url\":\"https:\/\/geysacamara.com.br\/advocacia\/wp-content\/uploads\/2019\/03\/direito.jpg\",\"contentUrl\":\"https:\/\/geysacamara.com.br\/advocacia\/wp-content\/uploads\/2019\/03\/direito.jpg\",\"width\":1600,\"height\":625},{\"@type\":\"WebSite\",\"@id\":\"https:\/\/geysacamara.com.br\/advocacia\/#website\",\"url\":\"https:\/\/geysacamara.com.br\/advocacia\/\",\"name\":\"GEYSA CAMARA\",\"description\":\"Advogada Petr\u00f3polis RJ e  Portugal\",\"potentialAction\":[{\"@type\":\"SearchAction\",\"target\":{\"@type\":\"EntryPoint\",\"urlTemplate\":\"https:\/\/geysacamara.com.br\/advocacia\/?s={search_term_string}\"},\"query-input\":{\"@type\":\"PropertyValueSpecification\",\"valueRequired\":true,\"valueName\":\"search_term_string\"}}],\"inLanguage\":\"en-US\"}]}<\/script>\n<!-- \/ Yoast SEO plugin. -->","yoast_head_json":{"title":"Advocacia de Partido em Petr\u00f3polis Advogada Geysa Camara","description":"Advocacia de Partido para empresas de Petr\u00f3polis e Rio de Janeiro \u00e9 uma das atua\u00e7\u00f5es da advogada Advogada Geysa Camara.","robots":{"index":"index","follow":"follow","max-snippet":"max-snippet:-1","max-image-preview":"max-image-preview:large","max-video-preview":"max-video-preview:-1"},"canonical":"https:\/\/geysacamara.com.br\/advocacia\/ec-advocacia-de-partido\/","og_locale":"en_US","og_type":"article","og_title":"Advocacia de Partido em Petr\u00f3polis Advogada Geysa Camara","og_description":"Advocacia de Partido para empresas de Petr\u00f3polis e Rio de Janeiro \u00e9 uma das atua\u00e7\u00f5es da advogada Advogada Geysa Camara.","og_url":"https:\/\/geysacamara.com.br\/advocacia\/ec-advocacia-de-partido\/","og_site_name":"GEYSA CAMARA","article_publisher":"https:\/\/www.facebook.com\/geysacamaraadvogada","article_modified_time":"2019-03-14T16:04:48+00:00","og_image":[{"width":1600,"height":625,"url":"https:\/\/geysacamara.com.br\/advocacia\/wp-content\/uploads\/2019\/03\/direito.jpg","type":"image\/jpeg"}],"twitter_card":"summary_large_image","twitter_site":"@advocaciacamara","twitter_misc":{"Est. reading time":"2 minutes"},"schema":{"@context":"https:\/\/schema.org","@graph":[{"@type":"WebPage","@id":"https:\/\/geysacamara.com.br\/advocacia\/ec-advocacia-de-partido\/","url":"https:\/\/geysacamara.com.br\/advocacia\/ec-advocacia-de-partido\/","name":"Advocacia de Partido em Petr\u00f3polis Advogada Geysa Camara","isPartOf":{"@id":"https:\/\/geysacamara.com.br\/advocacia\/#website"},"primaryImageOfPage":{"@id":"https:\/\/geysacamara.com.br\/advocacia\/ec-advocacia-de-partido\/#primaryimage"},"image":{"@id":"https:\/\/geysacamara.com.br\/advocacia\/ec-advocacia-de-partido\/#primaryimage"},"thumbnailUrl":"https:\/\/geysacamara.com.br\/advocacia\/wp-content\/uploads\/2019\/03\/direito.jpg","datePublished":"2013-12-10T12:23:57+00:00","dateModified":"2019-03-14T16:04:48+00:00","description":"Advocacia de Partido para empresas de Petr\u00f3polis e Rio de Janeiro \u00e9 uma das atua\u00e7\u00f5es da advogada Advogada Geysa Camara.","inLanguage":"en-US","potentialAction":[{"@type":"ReadAction","target":["https:\/\/geysacamara.com.br\/advocacia\/ec-advocacia-de-partido\/"]}]},{"@type":"ImageObject","inLanguage":"en-US","@id":"https:\/\/geysacamara.com.br\/advocacia\/ec-advocacia-de-partido\/#primaryimage","url":"https:\/\/geysacamara.com.br\/advocacia\/wp-content\/uploads\/2019\/03\/direito.jpg","contentUrl":"https:\/\/geysacamara.com.br\/advocacia\/wp-content\/uploads\/2019\/03\/direito.jpg","width":1600,"height":625},{"@type":"WebSite","@id":"https:\/\/geysacamara.com.br\/advocacia\/#website","url":"https:\/\/geysacamara.com.br\/advocacia\/","name":"GEYSA CAMARA","description":"Advogada Petr\u00f3polis RJ e  Portugal","potentialAction":[{"@type":"SearchAction","target":{"@type":"EntryPoint","urlTemplate":"https:\/\/geysacamara.com.br\/advocacia\/?s={search_term_string}"},"query-input":{"@type":"PropertyValueSpecification","valueRequired":true,"valueName":"search_term_string"}}],"inLanguage":"en-US"}]}},"_links":{"self":[{"href":"https:\/\/geysacamara.com.br\/advocacia\/wp-json\/wp\/v2\/pages\/58","targetHints":{"allow":["GET"]}}],"collection":[{"href":"https:\/\/geysacamara.com.br\/advocacia\/wp-json\/wp\/v2\/pages"}],"about":[{"href":"https:\/\/geysacamara.com.br\/advocacia\/wp-json\/wp\/v2\/types\/page"}],"author":[{"embeddable":true,"href":"https:\/\/geysacamara.com.br\/advocacia\/wp-json\/wp\/v2\/users\/1"}],"replies":[{"embeddable":true,"href":"https:\/\/geysacamara.com.br\/advocacia\/wp-json\/wp\/v2\/comments?post=58"}],"version-history":[{"count":29,"href":"https:\/\/geysacamara.com.br\/advocacia\/wp-json\/wp\/v2\/pages\/58\/revisions"}],"predecessor-version":[{"id":947,"href":"https:\/\/geysacamara.com.br\/advocacia\/wp-json\/wp\/v2\/pages\/58\/revisions\/947"}],"wp:featuredmedia":[{"embeddable":true,"href":"https:\/\/geysacamara.com.br\/advocacia\/wp-json\/wp\/v2\/media\/831"}],"wp:attachment":[{"href":"https:\/\/geysacamara.com.br\/advocacia\/wp-json\/wp\/v2\/media?parent=58"}],"curies":[{"name":"wp","href":"https:\/\/api.w.org\/{rel}","templated":true}]}}